{"id":24,"date":"2025-01-30T20:26:09","date_gmt":"2025-01-30T20:26:09","guid":{"rendered":"https:\/\/clatcsa2025.wgsr.uw.edu.pl\/payment\/?post_type=product&#038;p=24"},"modified":"2025-04-01T13:28:29","modified_gmt":"2025-04-01T13:28:29","slug":"reduced-fee","status":"publish","type":"product","link":"https:\/\/clatcsa2025.wgsr.uw.edu.pl\/payment\/index.php\/produkt\/reduced-fee\/","title":{"rendered":"Reduced fee \/ Tarifa reducida"},"content":{"rendered":"<h4><strong>Reduced fee \/ Tarifa reducida<\/strong>:\u00a0 <strong>75 EUR<\/strong><\/h4>\n<p><strong>Reduced fee \u2013 for students, PhD candidates\/students and attendees without presentation<\/strong><\/p>\n<p><strong> Tarifa reducida para estudiantes, candidatos de doctorado y asistentes sin ponencia<\/strong><\/p>\n<p>[EN] The conference fee will cover conference materials, coffee breaks and lunch during the congress sessions days. Each participant that has presentation during the Congress, will receive certificate.<\/p>\n<p>[ES] La cuota de la conferencia cubre los materiales del evento, los descansos para el caf\u00e9 y el almuerzo durante los d\u00edas de sesiones del congreso. Cada participante que tenga una presentaci\u00f3n durante el Congreso recibir\u00e1 un certificado.<\/p>\n<p>[PL] Op\u0142ata konferencyjna obejmuje materia\u0142y konferencyjne, przerwy kawowe i lunch podczas sesji kongresowych. Ka\u017cdy uczestnik, kt\u00f3ry wyg\u0142osi prezentacj\u0119 podczas Kongresu, otrzyma certyfikat.<\/p>\n","protected":false},"excerpt":{"rendered":"<p>Reduced fee \/ Tarifa reducida:\u00a0 75 EUR Reduced fee \u2013 for students, PhD candidates\/students and attendees without presentation Tarifa reducida para estudiantes, candidatos de doctorado y asistentes sin ponencia [EN] The conference fee will cover conference materials, coffee breaks and lunch during the congress sessions days. Each participant that has presentation during the Congress, will [&hellip;]<\/p>\n","protected":false},"featured_media":50,"template":"","meta":[],"product_brand":[],"product_cat":[15],"product_tag":[],"class_list":{"0":"post-24","1":"product","2":"type-product","3":"status-publish","4":"has-post-thumbnail","6":"product_cat-bez-kategorii","8":"first","9":"instock","10":"downloadable","11":"virtual","12":"purchasable","13":"product-type-simple","14":"czr-hentry"},"_links":{"self":[{"href":"https:\/\/clatcsa2025.wgsr.uw.edu.pl\/payment\/index.php\/wp-json\/wp\/v2\/product\/24","targetHints":{"allow":["GET"]}}],"collection":[{"href":"https:\/\/clatcsa2025.wgsr.uw.edu.pl\/payment\/index.php\/wp-json\/wp\/v2\/product"}],"about":[{"href":"https:\/\/clatcsa2025.wgsr.uw.edu.pl\/payment\/index.php\/wp-json\/wp\/v2\/types\/product"}],"wp:featuredmedia":[{"embeddable":true,"href":"https:\/\/clatcsa2025.wgsr.uw.edu.pl\/payment\/index.php\/wp-json\/wp\/v2\/media\/50"}],"wp:attachment":[{"href":"https:\/\/clatcsa2025.wgsr.uw.edu.pl\/payment\/index.php\/wp-json\/wp\/v2\/media?parent=24"}],"wp:term":[{"taxonomy":"product_brand","embeddable":true,"href":"https:\/\/clatcsa2025.wgsr.uw.edu.pl\/payment\/index.php\/wp-json\/wp\/v2\/product_brand?post=24"},{"taxonomy":"product_cat","embeddable":true,"href":"https:\/\/clatcsa2025.wgsr.uw.edu.pl\/payment\/index.php\/wp-json\/wp\/v2\/product_cat?post=24"},{"taxonomy":"product_tag","embeddable":true,"href":"https:\/\/clatcsa2025.wgsr.uw.edu.pl\/payment\/index.php\/wp-json\/wp\/v2\/product_tag?post=24"}],"curies":[{"name":"wp","href":"https:\/\/api.w.org\/{rel}","templated":true}]}}